ppose b = 3*a - 3*o, -a = z*a + 2*o - 20. List the prime factors of a.
2, 3
Suppose -4*m + 1 - 7 = 2*o, -5*o = -5. Let u be 3*((-6)/(-9) - 2). List the prime factors of 4 + (-1)/(m/u).
2
Let l(p) = p**3 + 4*p**2 + 2*p - 4. Let m be l(-3). Let g(n) = -5*n - 1 + 4*n - 5*n. List the prime factors of g(m).
5
Let y = -1 + 27. List the prime factors of y.
2, 13
What are the prime factors of (-1770)/(-45) - (-2)/(-6)?
3, 13
Let h be 9/(-2) - (-27)/18. Let q = 10 - h. List the prime factors of q.
13
Suppose 0 = 5*d + 62 + 88. Let f = 57 + d. List the prime factors of f.
3
Let p = -82 - -58. Let y = p - -39. List the prime factors of y.
3, 5
What are the prime factors of 63 + -3*(-2)/(-3)?
61
Suppose 0 = -11*t + 306 + 453. List the prime factors of t.
3, 23
Let s = -32 + 62. Let n = -18 + s. Suppose -5*h + 2*t - n = -33, -h = t. List the prime factors of h.
3
Let p(n) = 10*n - 5. Let t be p(8). List the prime factors of (-156)/(-10) + 30/t.
2
What are the prime factors of -3 - (-10)/5 - -128?
127
Let b(t) = 5*t + 5. Suppose 0 = k + 2*k - i - 18, -i + 6 = k. Let q(d) = -d - 1. Let l(s) = k*q(s) + b(s). What are the prime factors of l(-7)?
2, 3
Suppose -62 = -3*y - 5*s, -y + 126 = 4*y - 3*s. List the prime factors of y.
2, 3
Let p(u) = 4*u - 8. Let t be p(10). Suppose 7*a - 3*a = t. Let q = 0 + a. What are the prime factors of q?
2
Suppose -x = -44 + 6. What are the prime factors of x?
2, 19
Suppose 183 = 2*o + j, -118 = -3*o + 2*j + 167. Suppose -2*b = -3*i + 76, 4*i - 3*b - 10 - o = 0. List the prime factors of i.
2, 11
Let x(z) = -z**3 - 20*z**2 - 27*z - 17. What are the prime factors of x(-19)?
3, 5
Let a = -12 - -11. What are the prime factors of 39/6 - a/(-2)?
2, 3
Suppose -p + 2*p + 4 = 0. Let k = 8 + p. Suppose 4*j - w = 47, -31 = -2*j + 7*w - k*w. List the prime factors of j.
11
Suppose 5*f - 2*c - 434 = 342, 0 = -5*f + 5*c + 785. List the prime factors of f.
2, 7, 11
Suppose 2*p - 2*k = p + 55, 4*p - 220 = -2*k. List the prime factors of p.
5, 11
Let q(y) = -y**3 + 8*y**2 - 5*y - 8. Let i be q(6). Let m = -20 + i. List the prime factors of m.
2, 7
Let q(i) = -18*i**3 + i**2 - 1. Let u be q(-1). Suppose v - u = -5*w + 4*v, 5*v - 10 = -5*w. Suppose 0 = -w*h + h + 18. What are the prime factors of h?
3
Let i(v) = 5*v**2 - v. Let j be i(-1). What are the prime factors of j/((1 - 2)/(-1))?
2, 3
Suppose -3*u + 0 + 75 = 0. Suppose 0 = k - 6*k + 3*l + 101, 0 = k + l - u. List the prime factors of k.
2, 11
Suppose 3*c = -5*w + 458, 4*c + 360 = w + 3*w. What are the prime factors of w?
7, 13
Let j be 1/2 + (-125)/10. List the prime factors of (j - -2)*(-14)/35.
2
Suppose -k + 3*c + 1 = 4, 3*k + c = 21. What are the prime factors of k?
2, 3
Let z = 15 + -14. Let j = 8 - z. List the prime factors of j.
7
Suppose -k = 3*k - 64. What are the prime factors of k?
2
Let a = -2 - -4. Suppose 5*z = -a + 32. What are the prime factors of z?
2, 3
Let s = -4 + 21. What are the prime factors of s?
17
Let f be 6/15*(-10)/(-2). Suppose g + f*h - 8 - 12 = 0, -4*g = -5*h - 67. What are the prime factors of g?
2, 3
Suppose -3*n + 302 = 4*p - 29, 2*p - 165 = -n. What are the prime factors of p?
2, 41
Suppose -4*h + 9 = 1. What are the prime factors of 14 + -4 + h + -1?
11
Suppose -k + 5*z = -59, -164 = -4*k + 5*z - 3*z. Suppose -a = 2*g + 3*g - 84, 2*g = 5*a + k. What are the prime factors of g?
17
Suppose 5*j = -2*y + 130, 0 = 3*y - y + 4*j - 128. What are the prime factors of y?
2, 3, 5
Suppose 3*j + 0*j - 936 = 0. List the prime factors of j.
2, 3, 13
Suppose -5*t = -3*p + 40 - 128, -83 = -5*t - 2*p. What are the prime factors of t?
17
Suppose 2*a + q - 48 = -0*q, -96 = -4*a + q. Suppose g - a = -g. What are the prime factors of (-2 - g)*(-1)/2?
7
Suppose -2*b = 4*y + 74, -46 = 5*y - 3*y - 2*b. Let m = -2 - y. List the prime factors of m.
2, 3
Suppose n - r - 5 = 0, 0*n + 11 = -2*n - 5*r. Suppose -4*a - n*c + 23 + 29 = 0, 3*a = 5*c + 39. What are the prime factors of a?
13
Let k be -2 - (-3 + 7 + 1). Let p = 25 + k. What are the prime factors of p?
2, 3
Suppose l - 19 = -5*r, -5*r + r + 32 = 5*l. Let s be (-4)/(-6) - (-13)/r. Suppose 15 = 5*v - 5*a, -s*a + 11 = 4*v - 37. List the prime factors of v.
7
Suppose -4*a - 5*b = 3 - 16, 0 = 4*a + 3*b - 11. Let p be 0 + a + -3 + 27. Suppose 6*z = 5*r + 5*z - p, z = 2*r - 11. What are the prime factors of r?
5
Let d = 358 + -208. List the prime factors of d.
2, 3, 5
Suppose 3*n + n - 4 = -5*x, 4*n + x - 20 = 0. Let y be 36/10 + n/15. Let u = y + 2. List the prime factors of u.
2, 3
Suppose 5*u - 9 = v + 2*u, -v - 12 = -2*u. What are the prime factors of (v/5)/((-4)/30)?
3
Let m(i) be the second derivative of -i**4/12 + i**3 + 3*i**2 - 10*i. Let u be 4/6 + (-26)/(-6). List the prime factors of m(u).
11
Let b(w) = -6*w + 4. Let k be b(4). Let m = k + 23. List the prime factors of m.
3
Let g(r) = -r**3 - 8*r**2 + 12*r + 21. Let w be g(-9). Let v(u) = 2*u**2 - u - 1. Let z be v(-1). List the prime factors of z/6 - 94/w.
2
What are the prime factors of (-2 - 0 - -2) + 10?
2, 5
Let y be 4/(-8) - (-111)/6. Let h = 5 + y. What are the prime factors of h?
23
Let s be 10/(-2 + -1 - -5). Suppose -4*v = 16, -36 + s = -c + 3*v. List the prime factors of c.
19
Suppose -4*q - 3*k - 41 = -2*k, 3 = k. Let o be (-4)/26 - (-4)/26. List the prime factors of -2 - (q + (o - 1)).
2, 5
Let a = -29 - -56. List the prime factors of a.
3
Suppose 5*h - 2*t + 41 - 436 = 0, -4*h + 3*t + 309 = 0. What are the prime factors of h?
3
Let d(y) = -25*y**3 - 2*y**2 - 2*y. List the prime factors of d(-1).
5
Let p(w) = w**3 - 7*w**2 + 7*w. Let z be 3*(1 + 32/(-6)). Let o = -7 - z. List the prime factors of p(o).
2, 3
Suppose 2*b - 4*b + 28 = 0. List the prime factors of b.
2, 7
Suppose -4*r + 11 = -25. Let w(n) = n + 13. List the prime factors of w(r).
2, 11
List the prime factors of (-1 - -36)*(-72)/(-28).
2, 3, 5
Suppose 10 = -5*t - 0. Let l be -7*-2*t/4. Let x = l + 15. List the prime factors of x.
2
Suppose -7 = -2*t + 33. What are the prime factors of t?
2, 5
Suppose 0 = -5*n + j + 10, -j = -4*j. Suppose 5 = -5*b, 0*h - n*b - 5 = -h. Suppose -h*k + 14 + 4 = 0. What are the prime factors of k?
2, 3
Let k(c) = -5*c - 8. Let t be k(-7). Suppose 0 = 4*h + t - 115. Suppose -2*i - w = -10, 2*i + 3*w = -2*i + h. What are the prime factors of i?
2
Suppose -3 = 5*g + 22. Let l = 8 + g. Suppose -7 - 29 = -l*i. List the prime factors of i.
2, 3
Suppose -3 = -4*f + 5. Suppose -144 + 40 = -3*d + 5*i, -4*i = f*d - 62. What are the prime factors of d?
3, 11
Let r = 7 - 1. Let d(b) = b**3 - 6*b**2 + 3*b - 4. List the prime factors of d(r).
2, 7
Let l(u) be the third derivative of -3*u**5/20 + u**4/24 - u**3/6 - u**2. Let f be l(1). List the prime factors of (-2)/f + 264/27.
2, 5
Suppose -4*n + 2*o + 232 = 0, -3*n + 135 + 49 = -4*o. Suppose -n = -5*i + i. What are the prime factors of i?
2, 7
Let u(d) = d**2 + 5. Let z be 2/(-5) - 43/5. Let s(l) = l + 9. Let j be s(z). What are the prime factors of u(j)?
5
Suppose 2*c + c = h - 15, -5*h - 5*c - 5 = 0. Suppose -h + 6 = -y. List the prime factors of (-1)/y + (-5)/(-3).
2
Suppose 4*o = p + 34, -o + 2*o - 10 = p. List the prime factors of o.
2
List the prime factors of 23/1*(0 + 1)*2.
2, 23
List the prime factors of 11 - ((-8)/44 - 24/(-11)).
3
Suppose 4*m + 2*n + 188 = 0, 4*m + 7*n - 2*n + 194 = 0. Let r = m - -77. What are the prime factors of r?
31
Let q = 391 + -249. List the prime factors of q.
2, 71
List the prime factors of (140/(-6))/((-2)/6).
2, 5, 7
Let n = -5 - -8. Suppose -8*r + c + 159 = -4*r, -n*r + 129 = -4*c. List the prime factors of r.
3, 13
Let v = 42 - -203. What are the prime factors of v?
5, 7
What are the prime factors of (-9)/4*(3 + 1 - 8)?
3
Let b(x) = 13*x + 1. Let k be b(5). Suppose 2*d + 20 = -q + k, 4*q - 3*d - 140 = 0. List the prime factors of q.
2, 19
Let m = 109 - 70. What are the prime factors of m?
3, 13
Let d be -2*(0 - (-14)/(-4)). Suppose 3*q = -1 + d. Suppose -n = -3*c - 0 + q, -2*n + 8 = 0. What are the prime factors of c?
2
Let l(f) = f**3 - 4*f**2 - f - 2. Let s(r) = 2*r**3 - 5*r**2 - 2*r - 3. Let x(q) = 3*l(q) - 2*s(q). List the prime factors of x(-3).
2, 3
Suppose 5*d + 2*h = 6*h + 388, 0 = 5*d - 3*h - 386. What are the prime factors of d?
2, 19
Let c(y) = y**2 - 3*y + 1. Let m be c(4